{"id":162,"date":"2019-07-03T17:28:05","date_gmt":"2019-07-03T20:28:05","guid":{"rendered":"https:\/\/www.ferreirajunioradvocacia.com.br\/v1\/?page_id=162"},"modified":"2022-12-06T01:51:38","modified_gmt":"2022-12-06T04:51:38","slug":"areas-de-atuacao","status":"publish","type":"page","link":"https:\/\/www.tadeuferreiraadvocacia.com.br\/v1\/areas-de-atuacao\/","title":{"rendered":"\u00c1reas de Atua\u00e7\u00e3o"},"content":{"rendered":"","protected":false},"excerpt":{"rendered":"","protected":false},"author":1,"featured_media":0,"parent":0,"menu_order":0,"comment_status":"closed","ping_status":"closed","template":"","meta":{"footnotes":""},"class_list":["post-162","page","type-page","status-publish","hentry"],"_links":{"self":[{"href":"https:\/\/www.tadeuferreiraadvocacia.com.br\/v1\/wp-json\/wp\/v2\/pages\/162","targetHints":{"allow":["GET"]}}],"collection":[{"href":"https:\/\/www.tadeuferreiraadvocacia.com.br\/v1\/wp-json\/wp\/v2\/pages"}],"about":[{"href":"https:\/\/www.tadeuferreiraadvocacia.com.br\/v1\/wp-json\/wp\/v2\/types\/page"}],"author":[{"embeddable":true,"href":"https:\/\/www.tadeuferreiraadvocacia.com.br\/v1\/wp-json\/wp\/v2\/users\/1"}],"replies":[{"embeddable":true,"href":"https:\/\/www.tadeuferreiraadvocacia.com.br\/v1\/wp-json\/wp\/v2\/comments?post=162"}],"version-history":[{"count":1,"href":"https:\/\/www.tadeuferreiraadvocacia.com.br\/v1\/wp-json\/wp\/v2\/pages\/162\/revisions"}],"predecessor-version":[{"id":163,"href":"https:\/\/www.tadeuferreiraadvocacia.com.br\/v1\/wp-json\/wp\/v2\/pages\/162\/revisions\/163"}],"wp:attachment":[{"href":"https:\/\/www.tadeuferreiraadvocacia.com.br\/v1\/wp-json\/wp\/v2\/media?parent=162"}],"curies":[{"name":"wp","href":"https:\/\/api.w.org\/{rel}","templated":true}]}}